2 - 14*g - 25. Calculate t(b).
7
Let z = 434 - 430. Let b(c) = -c**3 - c**2 + z*c**2 + 6*c**2 - 25*c + 21*c - 2*c**2. Determine b(7).
-28
Let a(o) = -4*o**2 + 44*o - 42. Let f be a(10). Let l(k) = -4*k**2 - 8*k - 5. Calculate l(f).
-5
Let m(b) = b - 80. Let c(j) = -189. Let g(p) = -2*c(p) + 4*m(p). Give g(-12).
10
Suppose 0 = -5*z + 3*x + 80, 4*z + 45 = 5*x + 122. Let g(s) = 10 - s + 10 - z - 14. Calculate g(-3).
-4
Let s(b) be the second derivative of b**5/20 + 5*b**4/12 - 3*b**3 - 7*b**2/2 - 6917*b. Determine s(-8).
-55
Suppose -2*z + 28 = -4*a, -121*z + 117*z + 30 = 5*a. Let q(d) be the third derivative of -d**4/24 - d**3/2 + d**2. Determine q(a).
-1
Suppose 0 = -w + 48 - 125. Let f = w + 53. Let g = 22 + f. Let j(c) = -7*c + 1. Give j(g).
15
Let y(x) = -3*x**2 - 5*x + 2. Suppose 14 = -12*n + 4*n + 30. Calculate y(n).
-20
Let i be 6*1*((-12)/8 + 3). Let a(x) = 6 + 29*x + i*x**2 + x**3 - 70*x + 42*x. Give a(-9).
-3
Suppose 3*s = 5*a, -4*s = 3*a - s. Let p(q) = 2*q - 15161820 + 15161820 - q - q**2. Determine p(a).
0
Let v be (-1505)/602*(-6)/5. Let n(g) be the third derivative of -7*g**2 + 1/12*g**4 + 0 + g**v + 0*g. Calculate n(-10).
-14
Let c(j) = 12*j - 6. Let t be c(2). Suppose -20*s = -3*h - 24*s + t, 0 = -5*h + 5*s + 30. Let q(r) = -r**3 + 6*r**2 + 5. Calculate q(h).
5
Let t be (-6)/(-4)*256/192. Suppose 5*i + t*a + 0*a - 1 = 0, -i + 7 = -3*a. Let k(c) = 10*c**2 - 2*c + 1. Determine k(i).
9
Suppose 4*r = -f, 0*f - 2*f = -5*r. Suppose r = 4*p + u + 70, -36 = 2*p - 0*u + u. Let d(g) = g + 17. Let j be d(p). Let l(w) = w + 4. Calculate l(j).
4
Suppose -9*d = 22*d. Let x(p) = 29 + 4*p**3 + d*p - 50 + 23 - 2*p**2 - p. What is x(2)?
24
Suppose -13*z - 2 = -12*z. Let b be (z/(-1))/(2 - (-54)/(-24)). Let j(i) = i**2 + 10*i + 6. Determine j(b).
-10
Let y(w) be the third derivative of w**8/20160 + w**7/630 + w**6/60 + 13*w**5/60 - 2*w**3/3 + 35*w**2. Let q(g) be the third derivative of y(g). Give q(-7).
5
Let t(s) = -3*s**2 + 16*s - 3. Suppose 66 = 156*i - 58 - 500. Calculate t(i).
13
Let d(x) be the first derivative of -1/6*x**3 + 1/12*x**5 - 7*x**2 + 0*x - 12 + 1/24*x**4. Let m(t) be the second derivative of d(t). Calculate m(1).
5
Let n(j) = -2*j - 4. Let p(v) be the first derivative of -v**2/2 + v + 55. Let t(l) = -n(l) - 3*p(l). What is t(-2)?
-9
Let g = 613 - 599. Let x(f) = 7*f - 13*f**2 + 9 + 14*f**2 + g*f - 3*f. What is x(-17)?
-8
Let y = -622 + 842. Let h = y + -214. Let m(d) = -d**2 + 2*d - 5. Give m(h).
-29
Let o(h) = -108853 + 54398 + 54450 + 3*h. Let m(j) = j**3 + 2*j**2 - 4*j + 5. Let z be m(-4). Let x be (z/4 + 2)*8. Calculate o(x).
-23
Let i(d) be the first derivative of 1/3*d**3 + 60 - d - 2*d**2. Determine i(4).
-1
Suppose -14*z + 30 = -8*z. Suppose -z*k - 69 = -o - 24, -2*k - 2*o - 30 = 0. Let b(x) = -x**2 - 11*x - 2. Determine b(k).
8
Let u(p) = -p**2 - 9*p - 5. Let q(w) = w**3 + 129 + 0*w**3 - 138 + 8*w**2 + 0*w + 7*w. Let v be q(-7). Give u(v).
-5
Let q(b) be the second derivative of b**5/20 - b**4/3 + b**3/3 - 2*b**2 + 91*b. Calculate q(5).
31
Let i = -4760 - -4775. Let x(t) = t**3 - 15*t**2 + t - 10. What is x(i)?
5
Suppose i = -2*a - 1, -5*i + 3*a + 824 = 881. Let j(t) = -t**3 - 7*t**2 + 11*t - 9. Calculate j(i).
54
Let x = -17116 - -17112. Let h(k) be the first derivative of -1 - 5*k - 3/2*k**2. Determine h(x).
7
Let t(u) = 36*u + 2127. Let y(i) = -5*i - 283. Let j(k) = 2*t(k) + 15*y(k). Determine j(-5).
24
Let f(u) = -5*u**2 + 83*u + 40. Suppose -35*k = 21*k - 952. Calculate f(k).
6
Let q(s) be the third derivative of s**6/120 - s**5/15 + s**4/8 - 5*s**3/6 + 801*s**2. Let t(g) = -2*g - 8. Let y be t(-6). What is q(y)?
7
Let x(q) = -30*q + 967. Let z be x(33). Let d(t) = -2*t**2 - 46*t - 40. What is d(z)?
-40
Let q = -50 + 50. Suppose -t + 2*t = 5. Suppose 3*j = -5*f + 47, 5*j = -t*f - q*f + 55. Let c(s) = -s**3 + 8*s**2 - 6*s - 5. What is c(f)?
2
Let p(s) = -6 + s**2 + 1505*s - 747*s - 761*s. What is p(0)?
-6
Let t = 17 + -14. Let w(d) = -d**3 + 2*d**3 - 2*d**3 + 7*d**2 - 4*d**2 - 2*d. Give w(t).
-6
Let j be ((-77)/21)/(3/297). Let k = 368 + j. Let m(p) = p**2 - 2*p - 16. What is m(k)?
-1
Let o(t) = -13*t - 36. Let v(y) = 3*y + 5. Let r(z) = o(z) + 5*v(z). Give r(9).
7
Let c(x) = -2 + 26*x**3 + 18*x**2 + 22*x**3 - 16*x**2 - 20*x**3. Determine c(1).
28
Let s(g) = 26*g**2. Let l = -506 + 505. Determine s(l).
26
Let s(h) = -119*h**2 - 79*h**2 - 24*h + 196*h**2. What is s(-13)?
-26
Let d(x) = x + 5. Let w be d(-3). Suppose 0*q + w*q = 0. Let m(c) = c - 6 + 9 - 1 - 6. Calculate m(q).
-4
Suppose 5*m + 66 = 201. Let v be (3/5)/(m/(-135)). Let f(a) = -2*a + 1. Let o(i) = 2*i - 2. Let x(k) = v*f(k) - 2*o(k). Calculate x(4).
9
Suppose 2*r - 177 - 83 = 54*r. Let o(l) = l - 3. Give o(r).
-8
Let h(n) = -n**3 + 10*n**2 + 6*n + 44. Suppose -y + 17 = 2*z, 0 = -12*z + 7*z + 15. Calculate h(y).
-11
Suppose -104*g - 792 - 92 - 52 = 0. Let s(m) = m + 11. Calculate s(g).
2
Let v(g) = -g**3 - 22*g**2 + 131*g - 108. Let f be v(-27). Let m(d) be the second derivative of -d**5/20 - d**4/6 + 2*d**2 - d. Determine m(f).
4
Let v(g) = -58 + 43 - 3*g + 38. Let b be v(10). Let k(o) be the third derivative of -o**6/120 - 2*o**5/15 - o**4/4 - o**3/2 - 4*o**2. What is k(b)?
-10
Let c(n) be the third derivative of n**8/20160 + n**7/1260 - n**5/20 + n**3 + 2*n**2 - 189. Let w(o) be the third derivative of c(o). Determine w(-4).
0
Let r(y) be the third derivative of -y**6/120 + 11*y**5/20 - y**4/24 + 8*y**3/3 - 2016*y**2. What is r(33)?
-17
Let g(k) be the first derivative of k**5/30 + k**4/12 - 47*k**3/3 + 27. Let h(j) be the third derivative of g(j). Suppose -4*z = 9 - 1. Calculate h(z).
-6
Let s(j) be the first derivative of -j**3/3 + 2*j**2 + 26*j + 1160. What is s(9)?
-19
Let v be 2/((-5)/(170/(-20) + 1)). Let f(m) = m**3 + 3*m**2 + 6. Determine f(v).
60
Suppose 438 = 12*j + 402. Suppose -3 = n + j*g, -n + 3*g + 17 = 2. Let l(k) = 6*k - 6. Determine l(n).
30
Let m(w) = 2*w + 7. Let a(z) = 2*z - 2*z + 24 - 10 + 3*z. Let f = -674 - -679. Let t(j) = f*m(j) - 3*a(j). Calculate t(6).
-1
Let k(j) = 2*j - 37. Suppose y - a = -125 + 146, -2*y = 5*a - 21. What is k(y)?
-1
Suppose 17*d - 1354 = -504. Let o = d + -41. Let p(b) = -1 + o*b - 1 + 3 - 6*b. Give p(-2).
-5
Let x(h) = -2*h**2 - h + 10. Let a(i) = 1324*i - 5. Let j be a(0). Give x(j).
-35
Suppose 3*w - 5*w = 286. Suppose 134 = o - k - k, o - 140 = -k. Let m = o + w. Let c(i) = i + 11. Determine c(m).
6
Let v(w) = w**2 - w - 18. Suppose 0 = -29*f + 271 - 387. Calculate v(f).
2
Let p(d) = d**3 + 7*d**2 - 9*d - 8. Let c be p(-8). Suppose -5*i = i - 18. Let v(o) = -3 + i - o + 0*o + 6. Give v(c).
6
Let p(b) be the second derivative of -4*b**3/3 + 24*b**2 - b + 431. Determine p(7).
-8
Let h(f) = 2*f + 34. Let u(r) = -r**3 + 5*r**2 + 5*r - 22. Let t be u(4). Calculate h(t).
62
Let l(a) = a**3 - 4*a**2 - a + 7. Let d = -372 + 377. Let w(t) = -t**3 + 5*t**2 + 3*t - 10. Let s be w(d). Determine l(s).
27
Let f(h) = 10*h + 33. Let t be (-20)/(-4) + -22 - -10 - -17. Determine f(t).
133
Let x(a) be the third derivative of -a**8/20160 + a**7/2520 + a**6/360 + 2*a**5/3 + 20*a**2. Let s(j) be the third derivative of x(j). What is s(4)?
-6
Let x = 13 - 30. Let o be x*(-4 + 3/1). Suppose 0 = -o*b + 5*b - 12. Let k(y) = 8*y**3 - y**2 - 2*y - 1. Determine k(b).
-8
Let a(q) = -q**3 + 3*q**2 - 3*q + 1. Let m(i) be the third derivative of -i**4/12 + 11*i**3/2 - 5*i**2. Let w be m(14). Suppose -w*s + 104 = 94. Give a(s).
-1
Let k(q) = -q**3 + 2*q**2 - 2*q + 10. Suppose -3*f - 345*h - 3 = -348*h, 0 = 5*h - 5. Give k(f).
10
Let k(f) = -f - 21. Let x(z) = -z**3 + 8*z**2 - 10*z + 18. Let u be x(6). Suppose 3*c = -u + 18, -5*o = 2*c + 113. What is k(o)?
0
Suppose 0 = -5*d + 3*l + 137, 2*d - 59 = -0*d - 3*l. Let v = d - 30. Let z(n) = -3*n - 2 - 12*n**3 - 6*n**3 + 19*n**3. Calculate z(v).
-4
Let x(u) = -3*u**3 + 15*u**2 - 6*u - 34. Let p(s) = -s**3 + 7*s**2 - 3*s - 16. Let z be -4 + (-2)/2 + 10. Let o(v) = z*p(v) - 2*x(v). Determine o(-5).
3
Let l(a) = -a**3 + 87*a**2 + 271*a - 88. Let o be l(90). Let m(d) be the first derivative of 1/2*d**o - 5*d - 7. Calculate m(0).
-5
Let v(k) = 26*k**2 + 3*k + 3. Suppose -7 = -3*o - 1. Let z(d) = 2 - 1 + 9*d**2 + 547*d - 546*d. Let a(t) = o*v(t) - 7*z(t). Give a(-1).
-11
Let l(d) = -2*d + 